2 - 2*y + 7. What is m(-6)?
-89
Let f(n) = 5*n**2 + n + 1. Calculate f(-1).
5
Let a(y) = -y**2 + 6*y + 4. Give a(8).
-12
Let m(x) = -2*x - 24. Determine m(-8).
-8
Let g(v) = -3*v**2. Calculate g(1).
-3
Let y(r) = 55*r. Determine y(2).
110
Let l(p) = p**3 + 5*p**2 - 5*p - 18. What is l(-5)?
7
Let d(o) = -o**3 - 11*o**2 - o - 17. Determine d(-11).
-6
Let o(w) = w**3 - 9*w**2 - 2*w + 17. Calculate o(9).
-1
Let a(q) = 36*q + 175. What is a(-5)?
-5
Let v(y) = -y**3 + 2*y**2 + 2*y + 10. Calculate v(0).
10
Let b(z) = -z**2 + 27*z - 44. Give b(25).
6
Let m(j) = -2*j**3 - 3*j**2 + 8*j + 17. Determine m(-2).
5
Let m(q) = -q + 20. What is m(10)?
10
Let w(o) = -o**2 + 3*o + 2. Calculate w(4).
-2
Let o(k) = k**3 - 16*k**2 + 38*k + 15. What is o(13)?
2
Let f(r) = r**3 - 11*r**2 + r - 12. What is f(11)?
-1
Let l(h) = 2*h**2 + 2*h + 3. Determine l(-2).
7
Let i(l) = l**3 + 10*l**2 + 18*l + 314. Calculate i(-11).
-5
Let q(h) = -2*h**2 + 47*h - 100. What is q(21)?
5
Let j(z) = -16*z - 66. Give j(-6).
30
Let n(p) = -p**3 - 4*p**2 - p - 3. What is n(-4)?
1
Let g(j) = 21*j - 79. Determine g(3).
-16
Let m(l) = 4*l**3 + 2*l**2 - l - 4. Give m(-2).
-26
Let c(h) = 6*h**2 - 1. Calculate c(-1).
5
Let a(w) = w**2 - 22*w + 118. Determine a(7).
13
Let j(y) = -y**2 + 4*y + 4. Give j(-2).
-8
Let d(r) = -r**3 - 3*r**2 - r - 3. What is d(-4)?
17
Let u(l) = -10*l - 432. Give u(-44).
8
Let j(v) = 2*v**2 - 14*v + 34. Calculate j(7).
34
Let p(g) = 2*g**2 + 41*g - 40. Determine p(-22).
26
Let m(r) = -r**3 + 17*r**2 - 9*r. Calculate m(16).
112
Let v(b) = -2*b**3 + 5*b**2 + b + 2. What is v(4)?
-42
Let o(k) = k**3 + 9*k**2 - 9*k + 24. Calculate o(-10).
14
Let c(n) = n**2 - 6*n - 6. Calculate c(5).
-11
Let r(v) = -v**3 - 5*v**2 - 4*v + 8. Calculate r(-4).
8
Let g(s) = -s**2 - 2*s + 12. Determine g(2).
4
Let z(j) = -2*j**2 + 22*j + 6. Give z(11).
6
Let d(x) = -3*x + 5. What is d(15)?
-40
Let j(c) = -3*c**2 - 41*c + 18. Determine j(-14).
4
Let t(o) = -59*o**3 + o - 1. What is t(1)?
-59
Let x(u) = -u + 10. Calculate x(5).
5
Let u(n) = 8*n**2 - n. Calculate u(-3).
75
Let d(t) = -t**2 - 5*t + 18. Give d(-8).
-6
Let v(s) = s**2 + s - 4. What is v(-5)?
16
Let q(v) = 9*v - 2. Calculate q(-1).
-11
Let f(j) = -j**3 - 5*j**2 + 7*j + 9. Determine f(-3).
-30
Let h(t) = -2*t**2 + 5*t + 42. Give h(-4).
-10
Let s(i) = 10*i + 3. Calculate s(-2).
-17
Let k(x) = x**2 + 4*x - 17. Calculate k(-6).
-5
Let f(a) = -2*a + 11. Calculate f(5).
1
Let m(q) = 2*q**2 + q - 9. What is m(-3)?
6
Let r(g) = -64*g - 136. What is r(-2)?
-8
Let q(w) = 19*w - 89. Give q(5).
6
Let l(k) = -5*k + 1. Calculate l(-1).
6
Let x(u) = u**2 + 7*u + 2. Give x(-6).
-4
Let f(d) = -4*d + 7. Give f(4).
-9
Let m(g) = -20*g**2 - g + 1. Calculate m(-1).
-18
Let g(m) = -14*m - 20. Give g(-6).
64
Let n(j) = -10*j - 101. What is n(-8)?
-21
Let v(m) = -m**2 + m + 1. Determine v(-2).
-5
Let h(k) = 19*k + 8. Determine h(0).
8
Let q(j) = -2*j**2 + 23*j - 8. What is q(8)?
48
Let p(h) = h**3 + 15*h - 12. Calculate p(0).
-12
Let p(w) = 19*w - 63. What is p(3)?
-6
Let x(s) = s**2 + 18*s + 20. Calculate x(-18).
20
Let s(x) = -13*x - 14. Give s(-4).
38
Let t(w) = w**2 + 9*w + 10. Determine t(-9).
10
Let d(u) = -2*u + 20. Determine d(13).
-6
Let n(f) = f + 3. Calculate n(7).
10
Let f(s) = s**3 - 4*s**2 - 2*s - 3. Give f(5).
12
Let v(j) = j**3 + 3*j**2 - 10*j + 7. Give v(-5).
7
Let t(h) = -h**3 - 4*h**2 - 2*h + 4. What is t(-4)?
12
Let s(p) = 5*p + 90. Calculate s(-20).
-10
Let q(d) = 2*d**2 + 2*d - 11. Determine q(-4).
13
Let y(s) = -3*s**2 + 12*s - 4. Determine y(8).
-100
Let i(u) = -3*u**2 + 45*u - 1. What is i(15)?
-1
Let a(k) = 14*k**2 - 10*k - 1. Give a(1).
3
Let v(u) = 5*u + 25. Determine v(-5).
0
Let g(b) = -b**3 + 4*b**2 - b - 2. Determine g(3).
4
Let i(c) = -2*c + 6. Calculate i(-18).
42
Let p(c) = -2*c**2 + 23*c - 31. Calculate p(8).
25
Let p(i) = 4*i - 141. What is p(41)?
23
Let z(b) = 5*b**2 - 5*b + 3. Give z(1).
3
Let b(f) = -f**2 - 4*f + 4. What is b(2)?
-8
Let t(y) = -7*y + 6. Give t(3).
-15
Let m(t) = -t + 6. Determine m(5).
1
Let c(o) = -o**2 - 24*o + 40. Determine c(-28).
-72
Let l(s) = s**3 - 11*s**2 + 17*s - 15. Give l(9).
-24
Let n(g) = -g**2 + 13*g - 49. Give n(8).
-9
Let k(x) = x**3 + 9*x**2 + 13*x - 3. Determine k(-7).
4
Let n(v) = 14*v**2 + 4*v + 10. Determine n(-2).
58
Let u(l) = -2*l**2 + 6*l + 7. What is u(5)?
-13
Let z(m) = 2*m**2 + m + 1. Determine z(-1).
2
Let g(k) = -3*k - 32. Give g(-5).
-17
Let w(q) = -q**3 - 5*q**2 - 3*q - 3. Calculate w(-4).
-7
Let j(z) = z**2 + 7*z - 4. What is j(-6)?
-10
Let c(v) = 10*v + 1. Determine c(2).
21
Let y(z) = -7*z + 66. What is y(10)?
-4
Let u(s) = 2*s + 57. Calculate u(-13).
31
Let w(v) = -3*v + 32. Determine w(-18).
86
Let q(y) = -7*y - 59. Give q(-9).
4
Let p(g) = -2*g**2 - 29*g + 37. Calculate p(-17).
-48
Let n(y) = 11*y + 2. Determine n(-2).
-20
Let a(q) = 15*q + 1. Calculate a(-2).
-29
Let f(t) = 6*t + 2. Determine f(4).
26
Let k(l) = -l**2 - 4*l + 18. Calculate k(-7).
-3
Let q(h) = 3*h - 33. Determine q(11).
0
Let p(k) = -3*k**3 - 5*k**2 + k + 2. What is p(-2)?
4
Let q(d) = 3*d**3 - 4*d**2 - d + 7. Determine q(3).
49
Let p(j) = -22*j**2 - 21*j + 1. Calculate p(-1).
0
Let q(j) = j**2 - 4*j - 16. Calculate q(9).
29
Let h(k) = k**3 + 3*k**2 - k + 2. Give h(-3).
5
Let z(p) = -p**3 - p**2 - p - 14. Calculate z(0).
-14
Let z(h) = h**2 - 14*h - 12. Calculate z(16).
20
Let n(q) = 11*q - 5. Determine n(2).
17
Let f(h) = 74*h**2 - 2*h - 2. What is f(-1)?
74
Let d(x) = 32*x - 3. Give d(-1).
-35
Let o(h) = -22*h + 90. What is o(4)?
2
Let t(v) = v - 9. Give t(6).
-3
Let g(u) = 4*u - 21. Give g(7).
7
Let u(j) = -5*j**2 - 22*j + 21. Calculate u(1).
-6
Let h(b) = b**2 - 4*b + 2. Determine h(2).
-2
Let o(x) = x**3 + 8*x**2 + 10*x - 19. Determine o(-6).
-7
Let q(k) = k**3 + k**2 - 2*k + 22. Calculate q(0).
22
Let s(c) = c**2 + 12*c - 3. Calculate s(-11).
-14
Let n(l) = 9*l + 22. Determine n(-14).
-104
Let x(l) = l**3 + 7*l**2 + 9*l + 4. Give x(-2).
6
Let w(m) = m**2 + 12*m + 10. What is w(-5)?
-25
Let r(g) = -6*g + 21. Give r(5).
-9
Let a(u) = -u**3 - u**2 + u + 12. Calculate a(0).
12
Let u(h) = 36*h + 190. Calculate u(-5).
10
Let b(c) = -4*c - 18. What is b(-6)?
6
Let r(d) = -d**3 + 14*d**2 + 15*d + 9. Determine r(15).
9
Let k(u) = -u**3 + 8*u**2 + 11*u + 2. What is k(9)?
20
Let u(c) = -c**2 + 18*c - 14. Calculate u(9).
67
Let p(l) = l**2 + 13*l - 34. What is p(-10)?
-64
Let i(b) = 34*b**2 - 5*b + 4. Give i(1).
33
Let s(l) = l**2 - 36*l - 110. Calculate s(-3).
7
Let f(x) = x + 53. What is f(0)?
53
Let s(d) = -d**3 + 4*d**2 - 9*d - 3. Determine s(6).
-129
Let p(o) = -o + 5. Give p(-19).
24
Let x(p) = p**2 - 63*p + 718. Give x(48).
-2
Let g(m) = m**2 + 3*m - 10. Calculate g(3).
8
Let a(h) = 9*h. Calculate a(-2).
-18
Let n(f) = f + 4. Determine n(0).
4
Let i(l) = -l**2 + 12*l + 3. What is i(15)?
-42
Let r(h) = h**2 - 2*h - 7. Give r(5).
8
Let s(c) = 5*c**2 - c - 2. Determine s(-1).
4
Let s(u) = u - 10. Give s(11).
1
Let w(h) = -30*h - 629. Give w(-21).
1
Let s(j) = 3*j + 3. Calculate s(2).
9
Let j(t) = t**3 - 48*t**2 + 47*t + 2. What is j(47)?
2
Let k(r) = -r**3 + 8*r**2 - 7*r - 11. Determine k(6).
19
Let j(o) = o**2 - 15*o - 55. Give j(22).
99
Let k(p) = 23*p + 3. What is k(-1)?
-20
Let b(o) = 4*o - 48. Give b(11).
-4
Let t(o) = -o + 9. Give t(-3).
12
Let i(c) = -9*c - 10. Give i(-4).
26
Let c(f) = 3*f + 3. Give c(-3).
-6
Let g(c) = -9*c - 22. What is g(-2)?
-4
Let q(j) = -12*j - 3. What is q(4)?
-51
Let k(d) = -3*d + 21. Determine k(10).
-9
Let l(s) = 24*s - 11. Calculate l(6).
133
Let y(d) = 16*d + 18. Give y(-6).
-78
Let k(m) = -2*m - 3. What is k(-5)?
7
Let t(m) = m**3 + 5*m**2 - m + 4. Determine t(-5).
9
Let n(r) = 6*r - 35. Give n(5).
-5
Let p(s) = -3*s - 74. Calculate p(0).
-74
Let a(w) = w**3 - 2*w**2 - 7*w + 7. What is a(-3)?
-17
Let d(q) = -q - 14. Determine d(-14).
0
Let v(m) = m**3 - m**2 + 8*m - 18. Determine v(0).
-18
Let g(s) = -s**3 + 6*s**2 - 2*s - 3. Calculate g(5).
12
Let h(r) = -16*r + 502. What is h(31)?
6
Let b(k) = -k**3 + 8*k**2 - 4*k - 17. Determine b(7).
4
Let v(y) = y**2 + 3*y - 6. Give v(-3).
-6
Let t(f) = 3*f**3 + f**2 - 1. Give t(2).
27
Let f(u) = u - 1. What is f(4)?
3
Let r(h) = h**3 + 16*h**2 + 29*h + 36. Give r(-14).
22
Let p(z) = -13*z + 232. Give p(19).
-15
Let